{"id":3,"date":"2023-12-05T22:00:23","date_gmt":"2023-12-05T21:00:23","guid":{"rendered":"http:\/\/cinnamondrop.com\/?page_id=3"},"modified":"2024-01-16T15:52:05","modified_gmt":"2024-01-16T14:52:05","slug":"politique-de-confidentialite","status":"publish","type":"page","link":"https:\/\/cinnamondrop.com\/index.php\/politique-de-confidentialite\/","title":{"rendered":"Politique de confidentialit\u00e9"},"content":{"rendered":"<p>[et_pb_section fb_built=&#8221;1&#8243; _builder_version=&#8221;4.23.1&#8243; hover_enabled=&#8221;0&#8243; global_colors_info=&#8221;{}&#8221; title_text=&#8221;Ginger (9)&#8221; background_image=&#8221;https:\/\/cinnamondrop.com\/wp-content\/uploads\/2023\/12\/Ginger-9.png&#8221; parallax=&#8221;on&#8221; sticky_enabled=&#8221;0&#8243;][et_pb_row _builder_version=&#8221;4.23.1&#8243; _module_preset=&#8221;default&#8221; hover_enabled=&#8221;0&#8243; sticky_enabled=&#8221;0&#8243;][et_pb_column _builder_version=&#8221;4.23.1&#8243; _module_preset=&#8221;default&#8221; type=&#8221;4_4&#8243;][et_pb_text _builder_version=&#8221;4.23.1&#8243; _module_preset=&#8221;default&#8221; hover_enabled=&#8221;0&#8243; sticky_enabled=&#8221;0&#8243; header_font_size=&#8221;52px&#8221; custom_margin=&#8221;||38px||false|false&#8221;]<\/p>\n<h1 style=\"text-align: center;\">Politique de confidentialit\u00e9<\/h1>\n<p>[\/et_pb_text][\/et_pb_column][\/et_pb_row][et_pb_row _builder_version=&#8221;4.23.1&#8243; _module_preset=&#8221;default&#8221;][et_pb_column _builder_version=&#8221;4.23.1&#8243; _module_preset=&#8221;default&#8221; type=&#8221;4_4&#8243;][et_pb_text _builder_version=&#8221;4.23.1&#8243; _module_preset=&#8221;default&#8221; hover_enabled=&#8221;0&#8243; sticky_enabled=&#8221;0&#8243;]<\/p>\n<p>Derni\u00e8re mise \u00e0 jour : 16 Janvier 2024<\/p>\n<p>[\/et_pb_text][et_pb_text _builder_version=&#8221;4.23.1&#8243; _module_preset=&#8221;default&#8221; hover_enabled=&#8221;0&#8243; sticky_enabled=&#8221;0&#8243; background_color=&#8221;rgba(255,248,231,0.65)&#8221; text_font_size=&#8221;18px&#8221;]<\/p>\n<h2><span>Introduction<\/span><\/h2>\n<p><span>Cannelle Mazaniello agissant sous le nom cinnamondrop.com (\u00ab Nous \u00bb ou \u00ab On \u00bb ou \u00ab Je \u00bb) s&#8217;engage \u00e0 garantir votre confidentialit\u00e9 tout en fournissant ses services de vente de vid\u00e9os de stock. Dans cette politique, nous vous d\u00e9signons comme \u00ab utilisateur \u00bb, \u00ab Client \u00bb, \u00ab Tu \u00bb, \u00ab Ton \u00bb, &#8220;Tes&#8221;. Si vous souhaitez devenir client du service, vous devez effectuer un achat via notre site Web cinnamondrop.com et renseigner un certain nombre d&#8217;informations personnelles. La soumission de ces informations personnelles est volontaire et, sans elles, vous ne pourrez peut-\u00eatre pas recevoir nos services. En fournissant vos informations personnelles, vous consentez \u00e0 le faire dans le but de vous fournir le service. Conform\u00e9ment aux lois applicables en mati\u00e8re de protection des donn\u00e9es, que vous r\u00e9sidiez dans un pays membre de l&#8217;Espace \u00e9conomique europ\u00e9en ou non, consid\u00e9rez que vos donn\u00e9es et la politique de confidentialit\u00e9 seront r\u00e9gies par le r\u00e8glement g\u00e9n\u00e9ral sur la protection des donn\u00e9es ou le r\u00e8glement [UE ] 2016\/679(&#8220;RGPD&#8221;).\u00a0<\/span><\/p>\n<p>&nbsp;<\/p>\n<p>Notre soci\u00e9t\u00e9 est responsable des donn\u00e9es personnelles : Cannelle Mazaniello, dont le si\u00e8ge social est situ\u00e9 7 rue Jean Mac\u00e9 94120 Fontenay Sous Bois, France.\u00a0 Vous pouvez envoyer un e-mail \u00e0 : soupcon@cannellemazaniello.fr<\/p>\n<p>Pour effectuer un achat et naviguer sur la Plateforme, vous devez avoir plus de 16 ans. <span> <\/span><\/p>\n<p><span>Informations personnelles fournies par vous :\u00a0 le pr\u00e9nom, le nom d&#8217;utilisateur, l&#8217;adresse e-mail, le pays, la ville, l&#8217;adresse postale, le code postal.<\/span><\/p>\n<p>&nbsp;<\/p>\n<h3><span>Comment utilisons-nous vos donn\u00e9es personnelles ?<\/span><\/h3>\n<p><span>Nous pouvons utiliser les donn\u00e9es personnelles en interne :<\/span><\/p>\n<p><span>&#8211; Pour d\u00e9velopper, personnaliser, \u00e9tendre et am\u00e9liorer nos services ;<\/span><\/p>\n<p><span>&#8211; Pour vous fournir une assistance client ;<\/span><\/p>\n<p><span>&#8211; Pour pouvoir vous contacter avec des avis g\u00e9n\u00e9raux ou personnalis\u00e9s li\u00e9s aux services et des messages\/e-mails promotionnels ;<\/span><\/p>\n<p><span>&#8211; Pour am\u00e9liorer nos capacit\u00e9s de s\u00e9curit\u00e9 des donn\u00e9es et de pr\u00e9vention de la fraude ;\u00a0<\/span><\/p>\n<p><span>&#8211; Pour se conformer \u00e0 toutes les lois et r\u00e9glementations applicables.<\/span><\/p>\n<p><span>\u200d<\/span><\/p>\n<h3><span>Dans quelle mesure et \u00e0 qui divulguons-nous Vos donn\u00e9es personnelles ?<\/span><\/h3>\n<p><span>Nous utilisons les informations personnelles collect\u00e9es via nos services \u00e0 diverses fins commerciales d\u00e9crites ci-dessous.\u00a0Nous traitons vos informations personnelles \u00e0 ces fins en nous appuyant sur nos int\u00e9r\u00eats commerciaux l\u00e9gitimes, afin de conclure ou d&#8217;ex\u00e9cuter un contrat avec vous, avec votre consentement, et\/ou pour nous conformer \u00e0 nos obligations l\u00e9gales.\u00a0Nous indiquons les motifs de traitement sp\u00e9cifiques sur lesquels nous nous appuyons \u00e0 c\u00f4t\u00e9 de chaque finalit\u00e9 \u00e9num\u00e9r\u00e9e ci-dessous.<\/span><\/p>\n<p><span>Nous utilisons les informations que nous collectons ou recevons\u00a0:<\/span><\/p>\n<p><span>&#8211; <\/span><span><\/span><span>Pour vous envoyer des informations administratives.<\/span><\/p>\n<p><span>&#8211; Pour vous envoyer des produits, des services et d&#8217;autres informations connexes et\/ou des informations sur les modifications apport\u00e9es \u00e0 nos termes, conditions et politiques ;\u00a0<\/span><\/p>\n<p><span>&#8211; Pour ex\u00e9cuter et g\u00e9rer vos achats effectu\u00e9s via notre site Web\u00a0;<\/span><\/p>\n<p><span>&#8211; Pour faire respecter nos termes, conditions et politiques \u00e0 des fins commerciales, pour des raisons juridiques et contractuelles ;<\/span><\/p>\n<p><span>&#8211; Pour r\u00e9pondre aux demandes l\u00e9gales et pr\u00e9venir les dommages. Si nous recevons une assignation \u00e0 compara\u00eetre ou une autre demande l\u00e9gale, nous devrons peut-\u00eatre inspecter les donn\u00e9es que nous d\u00e9tenons pour d\u00e9terminer comment y r\u00e9pondre. <\/span><\/p>\n<p><span>Nous pouvons divulguer l&#8217;ensemble <\/span><span>des informations sur les utilisateurs \u00e0 ces fins l\u00e9gales.<\/span><\/p>\n<p><span>Nous pouvons utiliser vos informations \u00e0 d&#8217;autres fins commerciales, telles que l&#8217;analyse de donn\u00e9es, l&#8217;identification des tendances d&#8217;utilisation, la d\u00e9termination de l&#8217;efficacit\u00e9 de nos campagnes promotionnelles, l&#8217;\u00e9valuation et l&#8217;am\u00e9lioration de nos services, produits, marketing et votre exp\u00e9rience. <\/span><\/p>\n<p><span>Nous n&#8217;utiliserons pas d&#8217;informations personnelles identifiables sans votre consentement.<\/span><\/p>\n<p><span>\u200d<\/span><\/p>\n<h4><span>Vos informations seront-elles partag\u00e9es avec qui que ce soit\u00a0?<\/span><\/h4>\n<p><span>\u200d<\/span><\/p>\n<p><span>En r\u00e9alisant un achat sur cinnamondrop.com, vous consentez \u00e0 ce que nous puissions traiter ou partager des donn\u00e9es sur la base juridique suivante : Int\u00e9r\u00eats l\u00e9gitimes : nous pouvons traiter vos donn\u00e9es lorsque cela est raisonnablement n\u00e9cessaire pour atteindre nos int\u00e9r\u00eats commerciaux l\u00e9gitimes. <\/span><\/p>\n<p><span>Obligations l\u00e9gales : si nous soup\u00e7onnons raisonnablement que votre compte a \u00e9t\u00e9 utilis\u00e9 \u00e0 des fins non autoris\u00e9es, ill\u00e9gales ou criminelles, vous nous autorisez express\u00e9ment \u00e0 partager des informations sur vous, votre compte et toutes vos transactions avec les forces de l&#8217;ordre. Nous pouvons divulguer vos informations lorsque nous sommes l\u00e9galement tenus de le faire afin de nous conformer \u00e0 la loi applicable, aux demandes gouvernementales, ou \u00e0 une proc\u00e9dure judiciaire, par exemple en r\u00e9ponse \u00e0 une ordonnance du tribunal ou \u00e0 une assignation \u00e0 compara\u00eetre (y compris en r\u00e9ponse aux autorit\u00e9s publiques pour r\u00e9pondre aux exigences de s\u00e9curit\u00e9 nationale ou d\u2019application de la loi).<\/span><\/p>\n<p><span>\u200d<\/span><\/p>\n<p><span>Int\u00e9r\u00eats vitaux\u00a0: Nous pouvons divulguer vos informations lorsque nous estimons qu&#8217;il est n\u00e9cessaire d&#8217;enqu\u00eater, de pr\u00e9venir ou de prendre des mesures concernant des violations potentielles de nos politiques, des fraudes pr\u00e9sum\u00e9es, des situations impliquant des menaces potentielles pour la s\u00e9curit\u00e9 de toute personne et des activit\u00e9s ill\u00e9gales, ou comme preuve dans litiges dans lesquels Nous sommes impliqu\u00e9s.<\/span><\/p>\n<p><span>\u200d<\/span><\/p>\n<h4><span>Combien de temps conservons-nous vos informations ?<\/span><\/h4>\n<p><span>\u200d<\/span><\/p>\n<p><span>Nous conservons vos informations pendant au moins 2 ans ou aussi longtemps que n\u00e9cessaire pour atteindre les objectifs d\u00e9crits dans la pr\u00e9sente politique de confidentialit\u00e9, sauf disposition contraire de la loi.\u00a0Nous ne conserverons vos informations personnelles que le temps n\u00e9cessaire aux fins \u00e9nonc\u00e9es dans la pr\u00e9sente politique de confidentialit\u00e9, \u00e0 moins qu&#8217;une p\u00e9riode de conservation plus longue ne soit requise ou autoris\u00e9e par la loi (telle que la fiscalit\u00e9, la comptabilit\u00e9 ou d&#8217;autres exigences l\u00e9gales).\u00a0Lorsque nous n\u2019avons aucun besoin professionnel l\u00e9gitime de traiter vos informations personnelles, nous les supprimerons ou les anonymiserons ou, si cela n\u2019est pas possible, nous stockerons en toute s\u00e9curit\u00e9 vos informations personnelles et les isolerons de tout traitement ult\u00e9rieur jusqu\u2019\u00e0 ce que leur suppression soit possible.\u00a0Si vous demandez la suppression de vos informations personnelles et l\u2019annulation de votre compte aupr\u00e8s de nos services, nous annulerons votre compte et les informations qui y sont associ\u00e9es pour exercer votre droit \u00ab \u00e0 l\u2019oubli \u00bb.<\/span><\/p>\n<p><span>\u200d<\/span><\/p>\n<h4><span>O\u00f9 stockons-nous vos donn\u00e9es ?<\/span><\/h4>\n<p><span>\u200d<\/span><\/p>\n<p><span>Nous stockons vos donn\u00e9es sur nos serveurs et nous utilisons \u00e9galement des fournisseurs de stockage tiers pour conserver vos donn\u00e9es.\u00a0Nos prestataires de stockage de donn\u00e9es s&#8217;engagent contractuellement \u00e0 prot\u00e9ger et s\u00e9curiser vos donn\u00e9es.\u00a0Les fournisseurs de services tiers qui stockent ou traitent vos informations personnelles s&#8217;engagent contractuellement \u00e0 les prot\u00e9ger et \u00e0 les s\u00e9curiser, conform\u00e9ment aux normes de l&#8217;industrie et ind\u00e9pendamment de toute exigence l\u00e9gale moindre pouvant s&#8217;appliquer dans leur juridiction.<\/span><\/p>\n<p><span><\/span><\/p>\n<p><strong><em>Changements<\/em><\/strong><\/p>\n<p><span>De temps en temps, nous pouvons mettre \u00e0 jour cette politique de confidentialit\u00e9.\u00a0Si nous y apportons des modifications importantes, nous vous en informerons par e-mail, via une notification publi\u00e9e sur les Services ou tel que requis par la loi applicable.\u00a0Nous inclurons \u00e9galement un r\u00e9sum\u00e9 des principaux changements.\u00a0Sauf indication contraire, les modifications entreront en vigueur le jour de leur mise en ligne.\u00a0Comme le permet la loi applicable, si vous continuez \u00e0 utiliser les Services apr\u00e8s la date d&#8217;entr\u00e9e en vigueur de tout changement, votre acc\u00e8s et\/ou votre utilisation sera alors consid\u00e9r\u00e9 comme une acceptation (et un accord de suivre et d&#8217;\u00eatre li\u00e9 par) la Politique de confidentialit\u00e9 r\u00e9vis\u00e9e.\u00a0La politique de confidentialit\u00e9 r\u00e9vis\u00e9e remplace toute politique de confidentialit\u00e9 pr\u00e9c\u00e9dente.<\/span><\/p>\n<p><span>\u200d<\/span><\/p>\n<p>[\/et_pb_text][\/et_pb_column][\/et_pb_row][\/et_pb_section]<\/p>\n","protected":false},"excerpt":{"rendered":"<p>Politique de confidentialit\u00e9Derni\u00e8re mise \u00e0 jour : 16 Janvier 2024Introduction Cannelle Mazaniello agissant sous le nom cinnamondrop.com (\u00ab Nous \u00bb ou \u00ab On \u00bb ou \u00ab Je \u00bb) s&#8217;engage \u00e0 garantir votre confidentialit\u00e9 tout en fournissant ses services de vente de vid\u00e9os de stock. Dans cette politique, nous vous d\u00e9signons comme \u00ab utilisateur \u00bb, \u00ab [&hellip;]<\/p>\n","protected":false},"author":1,"featured_media":0,"parent":0,"menu_order":0,"comment_status":"closed","ping_status":"open","template":"","meta":{"_et_pb_use_builder":"on","_et_pb_old_content":"<!-- wp:heading --><h2>Qui sommes-nous\u00a0?<\/h2><!-- \/wp:heading --><!-- wp:paragraph --><p><strong class=\"privacy-policy-tutorial\">Texte sugg\u00e9r\u00e9\u00a0: <\/strong>L\u2019adresse de notre site est\u00a0: http:\/\/cinnamondrop.com.<\/p><!-- \/wp:paragraph --><!-- wp:heading --><h2>Commentaires<\/h2><!-- \/wp:heading --><!-- wp:paragraph --><p><strong class=\"privacy-policy-tutorial\">Texte sugg\u00e9r\u00e9\u00a0: <\/strong>Quand vous laissez un commentaire sur notre site, les donn\u00e9es inscrites dans le formulaire de commentaire, ainsi que votre adresse IP et l\u2019agent utilisateur de votre navigateur sont collect\u00e9s pour nous aider \u00e0 la d\u00e9tection des commentaires ind\u00e9sirables.<\/p><!-- \/wp:paragraph --><!-- wp:paragraph --><p>Une cha\u00eene anonymis\u00e9e cr\u00e9\u00e9e \u00e0 partir de votre adresse e-mail (\u00e9galement appel\u00e9e hash) peut \u00eatre envoy\u00e9e au service Gravatar pour v\u00e9rifier si vous utilisez ce dernier. Les clauses de confidentialit\u00e9 du service Gravatar sont disponibles ici\u00a0: https:\/\/automattic.com\/privacy\/. Apr\u00e8s validation de votre commentaire, votre photo de profil sera visible publiquement \u00e0 cot\u00e9 de votre commentaire.<\/p><!-- \/wp:paragraph --><!-- wp:heading --><h2>M\u00e9dias<\/h2><!-- \/wp:heading --><!-- wp:paragraph --><p><strong class=\"privacy-policy-tutorial\">Texte sugg\u00e9r\u00e9\u00a0: <\/strong>Si vous t\u00e9l\u00e9versez des images sur le site, nous vous conseillons d\u2019\u00e9viter de t\u00e9l\u00e9verser des images contenant des donn\u00e9es EXIF de coordonn\u00e9es GPS. Les personnes visitant votre site peuvent t\u00e9l\u00e9charger et extraire des donn\u00e9es de localisation depuis ces images.<\/p><!-- \/wp:paragraph --><!-- wp:heading --><h2>Cookies<\/h2><!-- \/wp:heading --><!-- wp:paragraph --><p><strong class=\"privacy-policy-tutorial\">Texte sugg\u00e9r\u00e9\u00a0: <\/strong>Si vous d\u00e9posez un commentaire sur notre site, il vous sera propos\u00e9 d\u2019enregistrer votre nom, adresse e-mail et site dans des cookies. C\u2019est uniquement pour votre confort afin de ne pas avoir \u00e0 saisir ces informations si vous d\u00e9posez un autre commentaire plus tard. Ces cookies expirent au bout d\u2019un an.<\/p><!-- \/wp:paragraph --><!-- wp:paragraph --><p>Si vous vous rendez sur la page de connexion, un cookie temporaire sera cr\u00e9\u00e9 afin de d\u00e9terminer si votre navigateur accepte les cookies. Il ne contient pas de donn\u00e9es personnelles et sera supprim\u00e9 automatiquement \u00e0 la fermeture de votre navigateur.<\/p><!-- \/wp:paragraph --><!-- wp:paragraph --><p>Lorsque vous vous connecterez, nous mettrons en place un certain nombre de cookies pour enregistrer vos informations de connexion et vos pr\u00e9f\u00e9rences d\u2019\u00e9cran. La dur\u00e9e de vie d\u2019un cookie de connexion est de deux jours, celle d\u2019un cookie d\u2019option d\u2019\u00e9cran est d\u2019un an. Si vous cochez \u00ab\u00a0Se souvenir de moi\u00a0\u00bb, votre cookie de connexion sera conserv\u00e9 pendant deux semaines. Si vous vous d\u00e9connectez de votre compte, le cookie de connexion sera effac\u00e9.<\/p><!-- \/wp:paragraph --><!-- wp:paragraph --><p>En modifiant ou en publiant une publication, un cookie suppl\u00e9mentaire sera enregistr\u00e9 dans votre navigateur. Ce cookie ne comprend aucune donn\u00e9e personnelle. Il indique simplement l\u2019ID de la publication que vous venez de modifier. Il expire au bout d\u2019un jour.<\/p><!-- \/wp:paragraph --><!-- wp:heading --><h2>Contenu embarqu\u00e9 depuis d\u2019autres sites<\/h2><!-- \/wp:heading --><!-- wp:paragraph --><p><strong class=\"privacy-policy-tutorial\">Texte sugg\u00e9r\u00e9\u00a0: <\/strong>Les articles de ce site peuvent inclure des contenus int\u00e9gr\u00e9s (par exemple des vid\u00e9os, images, articles\u2026). Le contenu int\u00e9gr\u00e9 depuis d\u2019autres sites se comporte de la m\u00eame mani\u00e8re que si le visiteur se rendait sur cet autre site.<\/p><!-- \/wp:paragraph --><!-- wp:paragraph --><p>Ces sites web pourraient collecter des donn\u00e9es sur vous, utiliser des cookies, embarquer des outils de suivis tiers, suivre vos interactions avec ces contenus embarqu\u00e9s si vous disposez d\u2019un compte connect\u00e9 sur leur site web.<\/p><!-- \/wp:paragraph --><!-- wp:heading --><h2>Utilisation et transmission de vos donn\u00e9es personnelles<\/h2><!-- \/wp:heading --><!-- wp:paragraph --><p><strong class=\"privacy-policy-tutorial\">Texte sugg\u00e9r\u00e9\u00a0: <\/strong>Si vous demandez une r\u00e9initialisation de votre mot de passe, votre adresse IP sera incluse dans l\u2019e-mail de r\u00e9initialisation.<\/p><!-- \/wp:paragraph --><!-- wp:heading --><h2>Dur\u00e9es de stockage de vos donn\u00e9es<\/h2><!-- \/wp:heading --><!-- wp:paragraph --><p><strong class=\"privacy-policy-tutorial\">Texte sugg\u00e9r\u00e9\u00a0: <\/strong>Si vous laissez un commentaire, le commentaire et ses m\u00e9tadonn\u00e9es sont conserv\u00e9s ind\u00e9finiment. Cela permet de reconna\u00eetre et approuver automatiquement les commentaires suivants au lieu de les laisser dans la file de mod\u00e9ration.<\/p><!-- \/wp:paragraph --><!-- wp:paragraph --><p>Pour les comptes qui s\u2019inscrivent sur notre site (le cas \u00e9ch\u00e9ant), nous stockons \u00e9galement les donn\u00e9es personnelles indiqu\u00e9es dans leur profil. Tous les comptes peuvent voir, modifier ou supprimer leurs informations personnelles \u00e0 tout moment (\u00e0 l\u2019exception de leur identifiant). Les gestionnaires du site peuvent aussi voir et modifier ces informations.<\/p><!-- \/wp:paragraph --><!-- wp:heading --><h2>Les droits que vous avez sur vos donn\u00e9es<\/h2><!-- \/wp:heading --><!-- wp:paragraph --><p><strong class=\"privacy-policy-tutorial\">Texte sugg\u00e9r\u00e9\u00a0: <\/strong>Si vous avez un compte ou si vous avez laiss\u00e9 des commentaires sur le site, vous pouvez demander \u00e0 recevoir un fichier contenant toutes les donn\u00e9es personnelles que nous poss\u00e9dons \u00e0 votre sujet, incluant celles que vous nous avez fournies. Vous pouvez \u00e9galement demander la suppression des donn\u00e9es personnelles vous concernant. Cela ne prend pas en compte les donn\u00e9es stock\u00e9es \u00e0 des fins administratives, l\u00e9gales ou pour des raisons de s\u00e9curit\u00e9.<\/p><!-- \/wp:paragraph --><!-- wp:heading --><h2>Transmission de vos donn\u00e9es personnelles<\/h2><!-- \/wp:heading --><!-- wp:paragraph --><p><strong class=\"privacy-policy-tutorial\">Texte sugg\u00e9r\u00e9\u00a0: <\/strong>Les commentaires des visiteurs peuvent \u00eatre v\u00e9rifi\u00e9s \u00e0 l\u2019aide d\u2019un service automatis\u00e9 de d\u00e9tection des commentaires ind\u00e9sirables.<\/p><!-- \/wp:paragraph -->","_et_gb_content_width":"","_monsterinsights_skip_tracking":false,"_monsterinsights_sitenote_active":false,"_monsterinsights_sitenote_note":"","_monsterinsights_sitenote_category":0,"footnotes":""},"class_list":["post-3","page","type-page","status-publish","hentry"],"jetpack_sharing_enabled":true,"_links":{"self":[{"href":"https:\/\/cinnamondrop.com\/index.php\/wp-json\/wp\/v2\/pages\/3","targetHints":{"allow":["GET"]}}],"collection":[{"href":"https:\/\/cinnamondrop.com\/index.php\/wp-json\/wp\/v2\/pages"}],"about":[{"href":"https:\/\/cinnamondrop.com\/index.php\/wp-json\/wp\/v2\/types\/page"}],"author":[{"embeddable":true,"href":"https:\/\/cinnamondrop.com\/index.php\/wp-json\/wp\/v2\/users\/1"}],"replies":[{"embeddable":true,"href":"https:\/\/cinnamondrop.com\/index.php\/wp-json\/wp\/v2\/comments?post=3"}],"version-history":[{"count":4,"href":"https:\/\/cinnamondrop.com\/index.php\/wp-json\/wp\/v2\/pages\/3\/revisions"}],"predecessor-version":[{"id":2272,"href":"https:\/\/cinnamondrop.com\/index.php\/wp-json\/wp\/v2\/pages\/3\/revisions\/2272"}],"wp:attachment":[{"href":"https:\/\/cinnamondrop.com\/index.php\/wp-json\/wp\/v2\/media?parent=3"}],"curies":[{"name":"wp","href":"https:\/\/api.w.org\/{rel}","templated":true}]}}